*b + 209. Let j be h(-42). Let a(y) = 16*y**2 + 2*y + 2. What is a(j)?
16
Let c(g) = -g**3 - 3*g**2 + 2*g - 1. Suppose 460 = -v + 11*v. Let p = -49 + v. What is c(p)?
-7
Let u(f) be the second derivative of 0 - f**2 + 1/6*f**3 - 3*f. Suppose 3*k = 2*k. Calculate u(k).
-2
Let m(w) be the second derivative of 1/60*w**5 + 0 + 5/2*w**3 + 3/2*w**2 - 1/24*w**4 - 9*w. Let f(c) be the first derivative of m(c). Determine f(0).
15
Let f = 77 - 77. Let q be (-7)/((-21)/(-6)) + f. Let m(h) = -2*h**2 - h + 1. What is m(q)?
-5
Suppose 0 = -3*d, -8*d = -2*r - 6*d - 6. Let b(u) = u**3 + 2*u**2 + 3*u. Give b(r).
-18
Let m(c) = c**2 - 8*c - 7. Let a be m(9). Suppose 3*v - 14 = 3*k + 22, 3*v = -5*k - 4. Let s(z) = z**3 - z - 11*z**2 - v + 5*z**a - 2*z**3. Give s(-6).
-1
Let g(p) = 778 - 758 - 3*p + 2*p. Give g(10).
10
Let l = 11 - 7. Suppose l*x + 4*v + 31 = 5*v, -2*x - 17 = v. Let n(a) = -a**2 - 9*a - 9. Give n(x).
-1
Let b(d) = -d**2 + 8*d - 5. Let g(w) = 6*w - 56. Let n(r) = 2*r - 19. Let k(a) = -2*g(a) + 7*n(a). Let v be k(13). Calculate b(v).
10
Let d(j) = -13*j - 12. Let p(n) = -3*n - 3. Let t(f) = -2*d(f) + 9*p(f). Suppose -4*l = -2*z + 6, -3*l + z - 12 = 2*l. Determine t(l).
0
Let l be (2/8)/(11/396). Let x(g) = g**3 - 9*g**2 - 5. Calculate x(l).
-5
Let l(m) = 6*m**2 + 1. Let a be l(1). Let d = a + -3. Let k(o) = -d*o + 5*o + 1 + 1. What is k(-2)?
0
Let m(o) = o + 2. Let q(p) = 3*p + 16. Let d(l) = -3*l - 15. Suppose 4*a = 2*a - 8. Let g(t) = a*q(t) - 5*d(t). Let n be g(-6). Calculate m(n).
-5
Let k(b) be the second derivative of 0 - 7/6*b**3 + 14*b - 1/12*b**4 + 11/2*b**2. Determine k(-8).
3
Let y(a) = -a**2 + 6*a + 1. Let l be y(6). Suppose 2*m - q + l - 4 = 0, 5*q + 4 = -m. Let b be (m + 4)*(-6)/6. Let j(i) = -i**2 - 3*i + 7. Calculate j(b).
-3
Let v(c) = 3*c - 2. Let r(f) = 7*f - 4. Let b(g) = -2*r(g) + 5*v(g). Let k(y) = -y**2 + 8*y + 10. Let n be k(8). Calculate b(n).
8
Let y(l) = 4*l**3 - 10*l**2 + 11*l - 1. Let a(m) = -5*m**3 + 11*m**2 - 12*m + 1. Let x(p) = -5*a(p) - 6*y(p). Give x(-6).
1
Suppose g - 5 = 0, 0 = -u + 5*u - 2*g + 46. Let s be 48/(-27) - (-2)/u. Let d = 0 - s. Let b(z) = -z**3 + 3*z**2 - 3*z + 3. Calculate b(d).
1
Let p(l) = -3*l**3 - 4*l**2 - 4*l - 3. Suppose -2*w - 30 = -2*g, g + 3 = -9*w + 4*w. Suppose 4*h + 2*b - 2 = -g, 5*h - b + 9 = 0. Determine p(h).
13
Let d(a) = -5*a - 9. Let c(u) = 6*u + 5. Let j(y) = -3*c(y) - 4*d(y). Calculate j(-11).
-1
Let j(h) = 1 - 2*h + 3*h**2 + 2*h - h. Let z(g) = -g**3 + 2*g**2 + g + 6. Let w be z(3). Let t(u) = -u**2 + 1. Let d be t(w). Give j(d).
3
Let u be (-2)/1 - (-1 + -3). Suppose -2*z = -2*r + z + 1, -3*r = -2*z - 4. Let i(s) = 5*s**2 - 2*s - 85 + 86 - 3*s**2 - 3*s**r + s**3. Calculate i(u).
1
Let g(w) = w**2 - 8*w - 9. Let q(k) = -19*k + 27. Let j be q(1). What is g(j)?
-9
Suppose -30 = 5*a + 4*x, 0 = 3*a - 3*x + 32 + 13. Let j(n) = 2*n**2 + 21*n + 13. Give j(a).
3
Let f(o) = -1 - o**2 + 57*o - 53*o + 0*o**2 - 4. Determine f(6).
-17
Let u(s) = 3*s**3 + s + 1. Let h be u(-1). Let g(z) = z**2 + 3*z - 5 - 11 + 18. Let i(v) = -2*v**2 - 5*v - 5. Let w(p) = -7*g(p) - 3*i(p). Calculate w(h).
10
Let c(f) = 5*f**3 - 3*f**2 + 4*f + 5. Suppose 9 = 6*i + 3*i. Let p(q) = q**3 + q + 1. Let t(m) = i*c(m) - 4*p(m). Give t(2).
-3
Let j(b) = 167*b + 6 - 4*b**3 + 5*b**3 + 172*b - 334*b + 3*b**2. What is j(-2)?
0
Let k(a) be the first derivative of -a**3/6 + 3*a + 18. Let y(c) be the first derivative of k(c). Calculate y(-2).
2
Suppose 0 = -5*n + 3*y + 10, n + 21 = 5*y + 1. Let o(k) = 3*k - 12. What is o(n)?
3
Suppose -5*k = 4*i + 1, -2*k + 2 = i - 0. Suppose 2*m - k*m + 7 = 0. Suppose 4*j + g = -m, 5*g = -5*j + 4*g - 9. Let s(z) = 2*z**2. What is s(j)?
8
Let c(f) = -5*f - 1. Suppose 5*v - 4 = 4*v. Suppose 2*k = v*k - 4. Suppose l - 2*l = -k. Calculate c(l).
-11
Let u(p) = -2*p**2 + 2*p - 1. Let n(g) = g**2 - 3*g. Let y(w) = -3*n(w) - 2*u(w). What is y(-8)?
26
Suppose 3*i + 2*s = -5, 4*s = -i + 2*i + 25. Let u = i + 7. Let f(q) = -8*q + 1. Let z(g) = -9*g + 1. Let x(p) = -5*f(p) + 4*z(p). Give x(u).
7
Let k be (-5 + 60/8)*2. Let g(s) be the first derivative of -s**3/3 + 3*s**2 + s - 1. Calculate g(k).
6
Let h(c) = c**2 - 7*c + 7. Let x be h(5). Let q be 4/(-14) - (-88)/14. Let z(n) = -203*n**2 + 3 + q + 204*n**2 - 5. Determine z(x).
13
Let i(v) = -77*v + 4 - 84*v + 8 + 162*v. What is i(-5)?
7
Let p(v) = v**3 - 5*v**2 + 4*v - 4. Let t(l) = -13*l + 187. Let q be t(14). What is p(q)?
16
Suppose 0*s + 23 = s. Let n(d) = d - 24*d**2 + s*d**2 + d. Determine n(1).
1
Suppose 11*m = 10*m - 1. Let w(a) = -13*a. What is w(m)?
13
Let a(u) = -u**3 - 6*u**2 - 3*u + 1. Let t(h) = h**3 + 2*h**2 - h - 8. Let k be t(-2). What is a(k)?
19
Let w be 0 + (-2 - 39) + 2. Let i = 43 + w. Let y(d) = 2*d - 1. Calculate y(i).
7
Let i(n) = n. Let y be (3 + 25/(-5))/(1/2). Let s be i(y). Let u(a) = -5*a - 4. Calculate u(s).
16
Suppose -c - c + 4*o + 52 = 0, o = 5*c - 85. Let h(w) = -w**3 + 17*w**2 - 17*w + 4. Give h(c).
-12
Let f(b) be the first derivative of -b**5/20 - b**4/4 + b**3/2 - b**2 - 26*b - 28. Let g(m) be the first derivative of f(m). Calculate g(2).
-16
Let j(w) = -2*w**2 + 7*w - 4. Let n(f) = f**2 - 3*f - 20. Let m be n(-4). Let c be (0 + 3)/(m/((-128)/(-12))). Calculate j(c).
-8
Let v(x) = -x**3 - x**2 - 3*x + 3. Suppose -22 = -q + 5*s, -2*q - 10 = -2*s - 22. Give v(q).
-15
Let w(m) = 4 - 2 - 1 + m. Let n be w(3). Let j(r) = 0*r**2 - 6*r - 3*r**3 + 3*r - 2*r**2 + n*r**3. Calculate j(3).
0
Suppose 4*a + 20 = 4*q, -3*q - 17*a = -13*a + 20. Let g(l) = l**3 + l. Calculate g(q).
0
Let u be (11/(-33))/((-2)/(-1 - -13)). Let t(w) = 4*w + 2*w - 3*w - 2*w. What is t(u)?
2
Let n(g) = -g**3 + 6*g**2 - g - 5. Let u = 219 - 215. Calculate n(u).
23
Suppose -2*z - 3*r - 17 = -0*r, -15 = z - 5*r. Let a be -14*(55/z)/(-11). Let o(l) = -l**3 - 6*l**2 + 5*l - 3. What is o(a)?
11
Let k(z) = -z**2 + 6*z - 3. Let u = -17 - -47. Suppose -5*p + 2*s + 38 = 0, -3*s - 32 + 2 = -3*p. Suppose -x + p*x = u. What is k(x)?
-3
Suppose 0 = 5*f + 8 + 7. Let b(a) = 4*a - 3*a**2 - 1 + 1 + 0 - a**3. What is b(f)?
-12
Let c(k) = 3*k - 14. Let t be c(6). Let p(q) = -q**3 + 1. Let d(x) = x**3 + 3*x**2 + x + 3. Let m(w) = d(w) + 2*p(w). What is m(t)?
-7
Let t(z) = z**2 + 2. Let w(q) = -2*q**2 - 2*q + 1. Let y(n) = 2*t(n) - 2*w(n). Let m(v) = -v**3 + 8*v**2 - 6*v - 9. Let j be m(7). Give y(j).
18
Let k(s) be the first derivative of 1/2*s**2 - 4 + 2*s. Give k(-3).
-1
Let m = 1 + -5. Let y(v) be the second derivative of -v**4/12 + v**2/2 + 63*v - 2. Give y(m).
-15
Let z(j) = -28*j**2 + 4*j + 1. Let q(m) = 55*m**2 - 7*m - 2. Let i(c) = -4*q(c) - 7*z(c). Let w(b) = -b**2 + 35*b + 245. Let k be w(-6). Calculate i(k).
-23
Let m(l) = 4*l - 9. Let a(q) = -2*q + 5. Suppose 4*v - 2*h = 0, -2*v + 5*h - 10 = 3*v. Let z(c) = v*m(c) + 5*a(c). What is z(5)?
-3
Suppose -3*z = -z. Let g be 1 - (0 + z - 3). Let q(l) = 427*l**2 - l**3 - 3 - 3 - l + 2 + 5 - 422*l**2. What is q(g)?
13
Let h(k) = -11 - 138*k**2 - 136*k**2 + 404*k**2 - 20*k - 133*k**2. Determine h(-6).
1
Let k(a) = -a + 8. Let j be k(4). Suppose -q + j*q = 6. Suppose -q*r = -i - 3*r - 3, -r = 2*i + 4. Let y(x) = -8*x - 1. Determine y(i).
7
Suppose 3*q = -0*v + 2*v + 8, 3*v + 4*q - 22 = 0. Let t(r) be the second derivative of v*r + 1/12*r**4 - 5/6*r**3 - 2*r**2 + 0. What is t(5)?
-4
Let r(k) = -2*k + 3. Let g = 26 - 16. Suppose 3*z - 6*z + 2*n + g = 0, -n - 2 = 0. Suppose 2*s + z = 3*s. Calculate r(s).
-1
Let m(w) = w**2 + w + 4. Let o be m(0). Suppose -o*j + 10 = j. Let l(d) = j + 2*d + 0*d**2 - 4*d**2 + 1 + 5*d**2. Give l(-2).
3
Let g(b) = -b + 6. Let w(t) = -t**2 + 13*t - 22. Let u be w(10). Let o be 0/(3 + (4 - u)). Give g(o).
6
Let a(m) be the third derivative of m**6/120 + 11*m**5/60 - 13*m**4/24 + 5*m**3/3 - 3*m**2 - 17*m. Give a(-12).
22
Let r be (-2)/(-2)*-5 - -1 - 13. Let m(g) = g**2 + 18*g + 11. Give m(r).
-6
Suppose -i = -2*i - 3. Let n(m) = -4*m**2 - 2*m**3 - 3 + 0*m**2 - 2 + 1. What is n(i)?
14
Let d(w) = w**2 + 5*w - 4. Let i(h) = -h**2 - 4*h + 2. Let j(c) = -3*d(c) - 4*i(c). What is j(0)?
4
Let n be 6/(-2*(-3)/16). Suppose 0 = 2*j - 6*j + n. Let c(w) = -w**2 + 4*w - 2. Give c(j).
-2
Let l(g) be the first derivative of -g**3/6 + 7*g**2/2 - 25*g + 14. Let i(p) be the first derivative of l(p). What is i(